, 7, 239
Let v = -6 - -2. Let j = v - 6. Let x(k) = -5*k + 8. What are the prime factors of x(j)?
2, 29
Let f(n) = -n**3 - 6*n**2 - 9*n. Let b be f(-4). Let o be (54/36)/(2/b). Suppose -5*t - j = -5*j - 388, -236 = -o*t + 4*j. List the prime factors of t.
2, 19
Let j be 600/375*25/4. What are the prime factors of (-8)/6*(-274 + (j - 6))?
2, 3, 5
Suppose -s - 367 = -2*f, -326*f - 365 = -328*f + 3*s. Suppose -5*a + 90 = 230. Let o = f - a. What are the prime factors of o?
2, 53
Suppose 3*t + 0*t = 3. Let k be 190*-15*t/(-6). Let s = k - 254. What are the prime factors of s?
13, 17
What are the prime factors of 13/((-143)/(-141620)) - (252/77)/6?
2, 41, 157
Suppose 0 = 5*w - 0*w + 15, -w = 4*b + 259. Let a = b - -1491. List the prime factors of a.
1427
Suppose 1616 = n - q, 5*n - 4*q - 6667 - 1418 = 0. Suppose 6*c - 2*c - n = -5*b, -b = 3*c - 1224. List the prime factors of c.
409
Let n(x) = -258*x + 264*x + 2*x**3 - 13*x**3 + 5 + 3 + x**2. Let c be n(-4). Suppose 3*a + c = 7*a + 3*q, -3*a + 3*q = -528. List the prime factors of a.
2, 11
What are the prime factors of (-26)/(-3)*(-9 + 1972 + -16)?
2, 11, 13, 59
Let g = -29170 + 59196. What are the prime factors of g?
2, 15013
Let b be ((-48)/(-28))/(-6) - (-9126)/42. Suppose 3*u - 241 = -3*g + 374, -u + b = -5*g. What are the prime factors of u?
3, 23
Let q(b) = -3 - 4*b + 7*b**3 + 7 + 118*b**3. Let i be ((-5)/10 + 1)/((-1)/(-2)). List the prime factors of q(i).
5
Suppose 5*x + 4*o = 4449, 3*x - 5*o = 8*x - 4445. What are the prime factors of x?
19, 47
Suppose -3*v - 5*y + y = -37924, -3*y + 25282 = 2*v. Suppose -29*c + v = -0*c. List the prime factors of c.
2, 109
Let d(j) be the first derivative of j**4/4 + 12*j**3 + 21*j**2/2 - 17*j - 134. List the prime factors of d(-35).
11, 43
Let a(u) = 326*u + 807. List the prime factors of a(18).
3, 5, 89
Suppose 7*a - 3*a + 432 = 0. Suppose c - 20 = 6*c, 414 = 2*p - 2*c. Let h = p + a. What are the prime factors of h?
5, 19
Let c(r) = -r**3 + 7*r**2 + 2*r + 1. Suppose -21 = -3*s - l, 2*s - 22 = -3*l - 8. Let q be c(s). Let i = q + 120. List the prime factors of i.
3, 5
Suppose 17*h - 20*h + 1254 = 0. Suppose 146 = -4*c + h. What are the prime factors of (-24)/(-15)*(c - -2)?
2, 7
Suppose 4*q = 2*c - 2 - 80, -q = 3. Suppose 2*v = 185 + c. List the prime factors of -3*(v/(-15) - -2).
2
Suppose -16 = -4*f + 2*m, -f - m + 3 = 2. Suppose -14*c + f*c + 4752 = 0. List the prime factors of c.
2, 3
Let v(p) = 4*p + 331. Let b = 21 + -21. List the prime factors of v(b).
331
Let v = -7235 + 18274. List the prime factors of v.
7, 19, 83
Suppose -4*l - 5 - 7 = 4*b, 0 = l - 3. Let i be (10/(-4) + 1)/(b/(-8)). List the prime factors of 15226/253 - (i/(-11) + 0).
2, 3, 5
Let l = 20494 + -970. List the prime factors of l.
2, 3, 1627
Suppose 17*y - 15*y + 107749 = 5*t, 15*y = 4*t - 86159. List the prime factors of t.
23, 937
Suppose 0 = -8*m + 13360 - 72. Suppose 3*f + t = m, -3*t = 12*f - 13*f + 567. What are the prime factors of f?
3, 5, 37
List the prime factors of 36/(-162)*9 - -15608*2.
2, 15607
Suppose -12 = 4*w + 4*m, -5*m = 58*w - 54*w + 13. What are the prime factors of (-4)/w - (-3 - 1200*1)?
5, 241
Let b(d) be the third derivative of d**5/24 - 5*d**4/4 - 2*d**3 - 11*d**2. Let r(k) be the first derivative of b(k). What are the prime factors of r(7)?
5
Suppose -55*d + 156120 = -45*d. Suppose -17*m = -d - 351. What are the prime factors of m?
3, 313
Let h be (-1670)/(-20)*(-3 - -5). Suppose h = 3*m + 2*g, -m + 36*g - 35*g + 49 = 0. What are the prime factors of m?
53
Let t(n) = 1164*n - 652. What are the prime factors of t(12)?
2, 3329
Suppose -b - 280 = -w, 7*b - 3*b = -20. Suppose -w*a + 7070 = -261*a. List the prime factors of a.
5, 101
Suppose 5*p + 4*s - 26955 = -9681, 5*s = -3*p + 10354. List the prime factors of p.
2, 7, 13, 19
Suppose -7*m = -29 - 34. Suppose 4*t = -m*t + 6149. What are the prime factors of t?
11, 43
Let g(s) = 44*s + 1. Let p be g(1). Let c be 0 + 6/(-15) - (-378)/p. Suppose -c*w + 4*w = -436. List the prime factors of w.
109
Let i(v) = 2*v**2 - 9*v - 5. Let l = 15 - 7. What are the prime factors of i(l)?
3, 17
What are the prime factors of ((-45717)/(-588))/((-2)/(-184))?
23, 311
Let k be (-3 + (-1 - -2))*7. Let i be ((-3)/3)/1 - 14/k. Let z(d) = d**3 - d**2 - d + 153. What are the prime factors of z(i)?
3, 17
Let o(g) = 3 - 29*g - 4*g**2 + 169*g + 0 + 6. What are the prime factors of o(23)?
3, 7, 53
Suppose -2*u - 924 = -5*q - 12696, 0 = -4*u + 4*q + 23568. What are the prime factors of u?
2, 11, 67
Let q = -53 + 55. Let y be q - (-2 - -2)/(-5). Suppose -10 = 5*i, 5*l - y*l + 3*i = 264. What are the prime factors of l?
2, 3, 5
Let x(t) = 38*t**2 + 6*t - 17. Let h(q) = 151*q**2 + 23*q - 69. Let k(o) = -2*h(o) + 9*x(o). What are the prime factors of k(3)?
3, 41
Let i = 10173 - -11687. List the prime factors of i.
2, 5, 1093
Let j(f) = -74*f**2 - 17*f + 80. Let s be j(4). What are the prime factors of s/(-6)*108/24?
3, 293
Suppose 183872 = 4*z + 2*c, -3*z - 13*c = -18*c - 137878. List the prime factors of z.
2, 3, 47, 163
Let z(s) = -s + 21. Let r be z(17). Let x be 0 - (r - 1) - (-18 - -1). What are the prime factors of (-18)/42 - (-258)/x?
2, 3
Let b(f) = 8*f**2 + 11*f + 1. Let v = -177 - -171. What are the prime factors of b(v)?
223
Let p be 0 - -464*1 - -2. Suppose -11*l = 20*l + 8525. Let m = l + p. What are the prime factors of m?
191
Let m(q) = q**3 + 6*q**2 + 6*q - 6. Let d be m(-4). Suppose -5*v - d*j = -6 - 2539, -5*j - 25 = 0. List the prime factors of v.
7, 73
Suppose k - 11 = -3*n, -3*n + k = 3*k - 13. Suppose n*r + 6 = 0, -18*r + 17*r - 1718 = -3*t. What are the prime factors of t?
2, 11, 13
Let m = -3655 + 6574. Suppose 28*l - 22323 = -m. List the prime factors of l.
3, 7, 11
Let g(c) = -11*c**2 + 7*c + 9. Let m be g(-3). Let k = 480 + m. List the prime factors of k.
3, 41
Let m be ((-3)/(-2))/((-3)/14). List the prime factors of -2*m/(-4)*-134.
7, 67
Suppose -4*s = -5*w - 5551, 2*s - 4*w = 2956 - 188. What are the prime factors of s?
2, 17, 41
Let r(p) = -97*p + 40*p + 16 + 5 + 11. Let u be r(-19). Suppose -6*o + u = 263. What are the prime factors of o?
2, 71
Let d(h) = 13*h + 65. Let r be d(-5). Suppose r = q + q - 226. What are the prime factors of q?
113
Suppose 5409*r = 5482*r - 4559507. What are the prime factors of r?
62459
Suppose r - 27425 = -5*h, 8*h + 10958 = 10*h - 2*r. List the prime factors of h.
2, 3, 457
Suppose -335*s + 5*f + 288298 = -331*s, 5*s - 3*f - 360366 = 0. List the prime factors of s.
2, 3, 7, 11, 13
Let x(n) = 17*n**3 + 11*n**2 - 42*n + 169. What are the prime factors of x(8)?
9241
Let t(r) = 12*r**2 - 14*r - 16. Let l be t(8). Let z = l - 286. List the prime factors of z.
2, 3, 59
Suppose 70 = -143*p + 141*p. What are the prime factors of (p/(-20))/((-5)/(-1940))?
7, 97
Let p(v) = -49*v - 80. Let n(r) = 98*r + 156. Let y(g) = -4*n(g) - 7*p(g). List the prime factors of y(-9).
13, 29
Suppose 57 = 3*q - 3*i, -2*q - i + 14 = 3*i. Let m = q + -19. List the prime factors of 114 - 20/8*m/(-5).
2, 7
Suppose 0 = 5*v - 48 + 43, -o - 2*v = -6728. What are the prime factors of o?
2, 3, 19, 59
Let c(m) = -8*m**3 + 8*m**2 + 5*m + 6. Suppose 2*s - 3*l + 7 = -0*l, 0 = 4*s + l + 21. List the prime factors of c(s).
1181
Let g(m) = 2*m**3 + 2*m**2 + 10*m - 5. Let v = 79 + -75. Suppose -12 + v = -2*y. What are the prime factors of g(y)?
3, 5, 13
Let m = -113 - -125. Suppose 5295 = 3*y + m*y. List the prime factors of y.
353
Let f be (-24)/(-108) - (-58)/(-18). Let t be f/7 - 25320/(-35). Suppose -t = -9*u + 681. List the prime factors of u.
2, 3, 13
Let w(j) = -4*j + 17. Let n be w(20). Let r = -35 - n. Suppose -129 = r*q - 31*q. What are the prime factors of q?
43
Suppose 5*g + 3*z - 4847 = 8389, -2*g - 2*z = -5296. List the prime factors of g.
2, 3, 7
Let m = 103 - 19. Suppose 2*q + 0*q = f - m, 4*q + 160 = -2*f. Let x = q + 80. List the prime factors of x.
3, 13
Let q = -86410 - -128480. What are the prime factors of q?
2, 5, 7, 601
Let z(j) = -2*j**3 - j**2 + 3*j + 2. Let c be z(-2). Suppose -c*p + 110 + 642 = 0. Let b = -29 + p. What are the prime factors of b?
5, 13
Let t be (1 - (-301)/3)*18/(-12). Let w be (1 - 0)*-167*2. Let f = t - w. List the prime factors of f.
2, 7, 13
Let v(k) = -k**3 + 9*k**2 -